 What is the tens digit of g?
1
What is the units digit of 67 - (-3 + 2 + -1)?
9
Suppose -2*u - 2 = 0, 0 = -4*d - u - 2*u + 45. Let q = -7 + d. Suppose q*h = -4*s + 29, 8*s + 15 = 4*h + 3*s. What is the units digit of h?
5
Let a = 234 + -59. What is the units digit of a?
5
Suppose 0*t + 5*t = 15. Suppose -2*y + 0*l + 11 = l, -3*l = t*y - 9. What is the units digit of y?
8
Let f = 4 + -10. What is the units digit of (f/4)/((-5)/50)?
5
Suppose -64 = -4*s + 4*i + 256, 408 = 5*s - 3*i. What is the units digit of s?
4
Suppose 280 = -3*l + 5*l. What is the units digit of l?
0
Suppose 0 = 3*q - 3*i - 15, 4*q + i = -i + 8. Suppose -2*o - 6*w = -3*w - 29, -q*o + 4*w + 35 = 0. What is the units digit of o?
3
Suppose 24 = -2*s - 2*s. Let y(p) = -3*p - 14. What is the units digit of y(s)?
4
Let s = -37 - -58. What is the units digit of 5/20 - s/(-12)?
2
Let k = -15 - 1. Let w be (k/3)/(2/(-3)). Let u = w - 1. What is the units digit of u?
7
Let t(i) = i**2 - 4*i + 4. Let o(k) = 6*k. Let p be o(1). Let b be t(p). What is the tens digit of (88/10)/(b/40)?
2
Suppose 5*o - 4*d = 145, -4*d = -3*o - o + 116. Suppose 0 = 3*k + 4*s - o, -6 = -k - 2*s + 7. What is the units digit of k?
3
Let b = 63 - 37. What is the tens digit of b?
2
Suppose -y - 16 = y - 4*d, 5*y + 3*d - 25 = 0. What is the units digit of y?
2
Suppose -1 - 5 = -3*h. What is the units digit of h?
2
Let q = 284 - 98. What is the units digit of q/10 + 12/30?
9
Suppose -4*b - 2 = -74. Suppose g + 20 = 2*w - 13, -w + b = g. Suppose -2*r + w = 3*a - 12, -4*a = -12. What is the tens digit of r?
1
Let h = -34 - -42. What is the units digit of h?
8
Let q = 153 + 96. What is the tens digit of q?
4
Let b = -9 + 52. What is the tens digit of b?
4
Let o(a) = -a**2 - 7*a - 1. Let u be o(-6). Suppose 0 = 3*v, -u*v = d - v - 24. What is the units digit of d?
4
Let q(b) = -b**3 + 6*b**2 - 2*b + 1. Let n = -7 + 11. Suppose 0 = 3*c + 5*o - 15, n*o = 5*c - 22 - 3. What is the units digit of q(c)?
6
Let w(u) = u**3 + 5*u**2 - u + 2. Suppose 21 = -5*q - 3*f + 2*f, -11 = -q - 4*f. What is the units digit of w(q)?
7
What is the tens digit of -16*(-2)/4*7?
5
Let m(u) = u**3 - 4*u**2 + 3*u + 1. Let j be m(3). Let c be -6*j/((-1)/1). Suppose 0*h = h - c. What is the units digit of h?
6
Let a = -58 - -82. What is the units digit of a?
4
Let a(z) = z**3 - 10*z**2 - 11*z - 1. Let p be a(11). Let i = -7 - p. Let g = i + 11. What is the units digit of g?
5
Let a = -108 - -278. What is the units digit of a?
0
Let a = 257 - 132. What is the tens digit of a?
2
Suppose 2*j = 7*j - 195. Let z = -16 + j. Let k = 32 - z. What is the units digit of k?
9
Let p be 36/10 + (-4)/(-10). Let s(q) = q**2 - 6*q + 29. Let n be s(3). Suppose -n = -2*f + p*m, 2*f = -0*f + 5*m + 18. What is the tens digit of f?
1
Suppose 4*k + 6 = 3*k. Let b be (-4 + 3/(-1))*-1. Let i = k + b. What is the units digit of i?
1
Let r(a) = 3*a**3 + 6*a**2 + 8*a - 1. Let k(s) = 7*s**3 + 11*s**2 + 16*s - 1. Let y(c) = 2*k(c) - 5*r(c). What is the units digit of y(-7)?
0
Let j(p) be the third derivative of p**5/60 - p**4/12 + p**3/3 - 2*p**2. What is the units digit of j(6)?
6
Let t(n) = 2*n - 9. Let h be t(7). Suppose h*v + 2*g - 34 = -2*g, -5*g = 2*v. What is the tens digit of 83/5 + 4/v?
1
Let f be ((-2)/5)/((-1)/5*1). Let d(q) = 9*q + 13. Let l(g) = -6*g - 9. Let x(m) = 5*d(m) + 7*l(m). What is the units digit of x(f)?
8
Suppose -40 = -5*v - 5*d, d = -v - 3*d + 23. Let p = 0 + v. Let j = p + 10. What is the units digit of j?
3
Suppose 11*b - 33 = 8*b. What is the units digit of b?
1
Suppose -5*b = -65 - 1035. What is the units digit of b?
0
Suppose i - 2*a = 40, 0*i + 5*a - 260 = -5*i. Suppose 3*g = 7*g - i. What is the units digit of g?
2
Let q(o) = -28*o**2 - 2*o - 11. Let y(g) = -19*g**2 - g - 7. Let i(a) = 5*q(a) - 8*y(a). Let w be (-1)/(-3) - 2/(-3). What is the tens digit of i(w)?
1
Let t(c) = 58*c**2 + 2*c - 1. What is the tens digit of t(1)?
5
Let x be (-3)/(1*(-3 + 2)). Suppose -7*a + x = -4*a. What is the units digit of a?
1
Let b = -43 + 78. What is the tens digit of b?
3
What is the units digit of (-6 + 4)/(1/(399/(-2)))?
9
Suppose 2*o = 4*k, -5*o - 5*k + 28 = -k. Suppose o = 2*v, a - 2*a + v = 1. What is the units digit of a?
1
Let n(h) be the second derivative of -h**5/20 + 2*h**3/3 + 3*h**2/2 + 3*h. Let a be n(-2). What is the units digit of (6 - 6) + a*3?
9
Let h = -56 + 148. What is the tens digit of h?
9
Suppose 4*f - 15 = 9. Let m = -3 + f. Suppose -1 - m = -y. What is the units digit of y?
4
Suppose -u + 40 + 24 = 0. What is the tens digit of u?
6
Suppose 0*c + 4*c - 56 = 0. Suppose -3*v + c = h, -5*v + 29 = -3*h - h. What is the units digit of v?
5
Suppose -3*s + 11 = 3*f - 25, -s + 9 = 2*f. Let t = 25 - s. What is the tens digit of t?
1
Suppose -22 - 18 = -5*j. Let n = -20 - -25. Suppose 3*f = n*f - j. What is the units digit of f?
4
Suppose -2*b + 4*b = 50. Let k be 3/(0 + -3) + -9. Let r = b + k. What is the tens digit of r?
1
Suppose 3*r - 2*r - 3 = 0. Suppose -w + r*w = 22. What is the tens digit of w?
1
Let g(v) = -2*v + 4. Let z(m) = -2*m + 4. Suppose -q - 4 + 0 = d, 2*q - 4*d + 2 = 0. Let s(o) = q*z(o) + 2*g(o). What is the units digit of s(5)?
6
Let u(h) = -h + 1. Let f be u(-1). Let j(i) = f - 4 + 8*i + i**2 + 5. What is the units digit of j(-8)?
3
Let l(u) be the third derivative of 1/2*u**3 + 0 + 0*u + 2*u**2 + 1/15*u**5 - 1/24*u**4 - 1/120*u**6. What is the units digit of l(3)?
9
Suppose 113 = 4*n - q, 4*n + q = 5*n - 29. Suppose 0 = 5*j - 27 - n. Let b = j + -4. What is the units digit of b?
7
Let b(j) = 3*j**3 - 2*j**2 - 3*j + 2. Let m be b(2). Suppose -p + 14 + 8 = 0. Let k = p - m. What is the tens digit of k?
1
Suppose 0 = -9*p + 4*p + 3*v, 0 = -3*p + 5*v. Suppose 3*o - 2*o - 16 = 0. Suppose p = i + 2*s - o, 23 = 2*i - 4*s + 7. What is the tens digit of i?
1
Suppose 48 = -0*v + 3*v - 3*l, -3*l - 33 = -2*v. Suppose v = -f + 6*f. Let a = 8 - f. What is the units digit of a?
5
Suppose -2*w + 23 = -41. What is the units digit of w?
2
Let u(v) = -35*v + 11. What is the units digit of u(-4)?
1
Suppose 5*h - 1577 = -492. What is the tens digit of h?
1
Let g(u) = 12*u**2 + 3*u - 2. What is the hundreds digit of g(-4)?
1
Let k = 0 - 3. What is the units digit of (4/k)/((-6)/81)?
8
Let r(h) = -h + 8. Let f be r(6). Suppose -f*k + 6*k = 336. What is the units digit of (2/3)/(8/k)?
7
Let t = 74 - 39. What is the units digit of t?
5
Let a(o) = o**3 + 2*o**2 + o - 1. Let d be a(2). Let r = d - 12. What is the units digit of r?
5
Suppose -4*n - n + 420 = 0. What is the units digit of n?
4
Suppose 3*b = -11 + 44. Suppose -48 = -0*x - 2*x. Let h = x - b. What is the units digit of h?
3
Let q = 35 - 23. Let w(x) = x**3 - 13*x**2 + 14*x - 18. What is the units digit of w(q)?
6
Let g(o) be the second derivative of o**5/20 + 7*o**4/12 + 7*o**3/6 + 9*o**2/2 - 2*o. Let a be g(-6). Let u = 7 + a. What is the units digit of u?
0
Let z(m) = -3*m. Suppose -c - 1 = -0*c. What is the units digit of z(c)?
3
What is the units digit of 456/10 - (-6)/15?
6
Let w = 2 + -3. What is the units digit of 12*(-1 - (-1 + w))?
2
Let a(l) = -l**2 + l - 8. Let n(q) = -q**2 - 7. Let m(h) = -4*a(h) + 5*n(h). Let s be m(-3). What is the tens digit of (2 - (1 + s)) + 10?
1
Let h be (120/14)/((-5)/(-35)). What is the units digit of -3*8/h*-40?
6
What is the tens digit of (-186)/(-2) + (-2 - (-6)/2)?
9
Let y(d) = d**3 - 6*d**2 - d + 6. Let h be y(6). Suppose -5*s - 4*z + 80 = -h*s, 5*s + 3*z = 75. What is the units digit of s?
2
What is the units digit of (-4)/4 + 4 + -1?
2
Let d(n) = 5*n**2 - n. Let k be d(-1). Suppose k*x - 86 = 112. What is the tens digit of x?
3
Let h(g) = g**3 + 4*g**2 - 6*g + 6. Suppose 1 = -3*w + 13. Suppose 0 = -4*d + 12, 2*a + w*d + 13 = -3*a. What is the tens digit of h(a)?
1
Suppose -5*m = 5*d + 25, 0 = -m - 2*d - 2 - 3. What is the units digit of ((-10)/4)/(m/30)?
5
What is the tens digit of (5 + -1)*62/4?
6
Let v(r) = 2*r**2 - 3*r - 4. Let d(z) = -z**3 - 4*z**2 - z - 1. Let q be d(-4). What is the units digit of v(q)?
5
Suppose -3*h - 14 = i, -i + 2*i - 6 = h. Let q(t) = -8*t**2 - 2*t + 1. Let d be q(-2). What is the units digit of i/(-1 - 30/d)?
9
Suppose 0 = -0*m - 3*m + 471. What is the hundreds digit of m?
1
Suppose -2*f + 5 = -7. What is